{"id":2735,"date":"2022-11-08T17:22:15","date_gmt":"2022-11-08T17:22:15","guid":{"rendered":"https:\/\/colchonescolchoninos.com\/?post_type=product&#038;p=2735"},"modified":"2023-07-13T08:35:44","modified_gmt":"2023-07-13T08:35:44","slug":"base-plus-tela","status":"publish","type":"product","link":"https:\/\/colchonescolchoninos.com\/?product=base-plus-tela","title":{"rendered":"Base Plus Tela"},"content":{"rendered":"","protected":false},"excerpt":{"rendered":"<p>Si buscas algo duradero para reposar tu colch\u00f3n, la Base Plus Tela es una gran opci\u00f3n al contar con material tipo Lineth o velvet.<\/p>\n<p>Decorta tu rec\u00e1mara con el mejor mueble para descanso, el cual no s\u00f3lo brindarpa solidez y soporte para un sue\u00f1o pleno, tambi\u00e9n lucir\u00e1 incre\u00edble con sus colores azul, chocolate, plata, gris, negro rojo.<\/p>\n<p>Contamos con tama\u00f1o Individual, Matrimonial, Queen Size y King Size (dos individuales).<\/p>\n<p>No lo pienses mucho y hazte de un producto de alt\u00edsima calidad a gran precio. Conoce nuestras modalidades de pago y garant\u00eda.<\/p>\n","protected":false},"featured_media":3017,"comment_status":"open","ping_status":"closed","template":"","meta":{"_eb_attr":"","om_disable_all_campaigns":false,"_monsterinsights_skip_tracking":false,"_monsterinsights_sitenote_active":false,"_monsterinsights_sitenote_note":"","_monsterinsights_sitenote_category":0},"product_cat":[56],"product_tag":[96],"_links":{"self":[{"href":"https:\/\/colchonescolchoninos.com\/index.php?rest_route=\/wp\/v2\/product\/2735"}],"collection":[{"href":"https:\/\/colchonescolchoninos.com\/index.php?rest_route=\/wp\/v2\/product"}],"about":[{"href":"https:\/\/colchonescolchoninos.com\/index.php?rest_route=\/wp\/v2\/types\/product"}],"replies":[{"embeddable":true,"href":"https:\/\/colchonescolchoninos.com\/index.php?rest_route=%2Fwp%2Fv2%2Fcomments&post=2735"}],"wp:featuredmedia":[{"embeddable":true,"href":"https:\/\/colchonescolchoninos.com\/index.php?rest_route=\/wp\/v2\/media\/3017"}],"wp:attachment":[{"href":"https:\/\/colchonescolchoninos.com\/index.php?rest_route=%2Fwp%2Fv2%2Fmedia&parent=2735"}],"wp:term":[{"taxonomy":"product_cat","embeddable":true,"href":"https:\/\/colchonescolchoninos.com\/index.php?rest_route=%2Fwp%2Fv2%2Fproduct_cat&post=2735"},{"taxonomy":"product_tag","embeddable":true,"href":"https:\/\/colchonescolchoninos.com\/index.php?rest_route=%2Fwp%2Fv2%2Fproduct_tag&post=2735"}],"curies":[{"name":"wp","href":"https:\/\/api.w.org\/{rel}","templated":true}]}}