{"id":2630,"date":"2022-11-04T20:39:32","date_gmt":"2022-11-04T20:39:32","guid":{"rendered":"https:\/\/colchonescolchoninos.com\/?post_type=product&#038;p=2630"},"modified":"2023-07-13T08:37:16","modified_gmt":"2023-07-13T08:37:16","slug":"paquete-colchon-vittorio-benzi-inverno-base","status":"publish","type":"product","link":"https:\/\/colchonescolchoninos.com\/?product=paquete-colchon-vittorio-benzi-inverno-base","title":{"rendered":"Paquete Colch\u00f3n Vittorio Benzi Inverno + Base"},"content":{"rendered":"","protected":false},"excerpt":{"rendered":"<p><strong>\u00c1rmate tu cama de una buena vez al mejor precio con este exclusivo paquete de base y colch\u00f3n.\u00a0<\/strong><\/p>\n<p><strong>La base es Plus Tactopiel de la Marca Kassal. Cuenta con una base de madera de pino de alta durabilidad y soporte plano para colch\u00f3n, forrada en tactopiel chocolte, lo que te garantiza durabilidad y confort.<\/strong><\/p>\n<p><strong>El colch\u00f3n es de firmeza media y est\u00e1 capitoneado con l\u00e1mina de fibra sint\u00e9tica, l\u00e1mina de delcron de 170 gramos y resortes bic\u00f3nicos tipo Bonell para asegurar una duraci\u00f3n de m\u00e1s de 5 a\u00f1os.<\/strong><\/p>\n<p><b>\u00a1Olv\u00eddate de las noches calurosas! La tela tipo Strech transpirable ofrece mayor frescura, algo que sin duda agradecer\u00e1s. <\/b><\/p>\n<p><b>Contamos con tama\u00f1o individual y matrimonial.<\/b><\/p>\n<p><b>No lo pienses mucho y hazte de un producto de alt\u00edsima calidad a gran precio. Conoce nuestras modalidades de pago y garant\u00eda.<\/b><\/p>\n","protected":false},"featured_media":2270,"comment_status":"open","ping_status":"closed","template":"","meta":{"_eb_attr":"","om_disable_all_campaigns":false,"_monsterinsights_skip_tracking":false,"_monsterinsights_sitenote_active":false,"_monsterinsights_sitenote_note":"","_monsterinsights_sitenote_category":0},"product_cat":[69,86],"product_tag":[76],"_links":{"self":[{"href":"https:\/\/colchonescolchoninos.com\/index.php?rest_route=\/wp\/v2\/product\/2630"}],"collection":[{"href":"https:\/\/colchonescolchoninos.com\/index.php?rest_route=\/wp\/v2\/product"}],"about":[{"href":"https:\/\/colchonescolchoninos.com\/index.php?rest_route=\/wp\/v2\/types\/product"}],"replies":[{"embeddable":true,"href":"https:\/\/colchonescolchoninos.com\/index.php?rest_route=%2Fwp%2Fv2%2Fcomments&post=2630"}],"wp:featuredmedia":[{"embeddable":true,"href":"https:\/\/colchonescolchoninos.com\/index.php?rest_route=\/wp\/v2\/media\/2270"}],"wp:attachment":[{"href":"https:\/\/colchonescolchoninos.com\/index.php?rest_route=%2Fwp%2Fv2%2Fmedia&parent=2630"}],"wp:term":[{"taxonomy":"product_cat","embeddable":true,"href":"https:\/\/colchonescolchoninos.com\/index.php?rest_route=%2Fwp%2Fv2%2Fproduct_cat&post=2630"},{"taxonomy":"product_tag","embeddable":true,"href":"https:\/\/colchonescolchoninos.com\/index.php?rest_route=%2Fwp%2Fv2%2Fproduct_tag&post=2630"}],"curies":[{"name":"wp","href":"https:\/\/api.w.org\/{rel}","templated":true}]}}