{"id":2588,"date":"2022-11-04T19:20:32","date_gmt":"2022-11-04T19:20:32","guid":{"rendered":"https:\/\/colchonescolchoninos.com\/?post_type=product&#038;p=2588"},"modified":"2023-07-13T08:13:28","modified_gmt":"2023-07-13T08:13:28","slug":"colchon-dubai-buio","status":"publish","type":"product","link":"https:\/\/colchonescolchoninos.com\/?product=colchon-dubai-buio","title":{"rendered":"Colch\u00f3n Dubai Buio"},"content":{"rendered":"","protected":false},"excerpt":{"rendered":"<p><b>Un colch\u00f3n que prioriza el confort sobre todo lo dem\u00e1s gracias a su base de espuma con densidades espec\u00edficas y una placa de memory foam para brindarte el soporte perfecto.\u00a0<\/b><\/p>\n<p><b>Este modelo Buio cuenta con una funda desmontable en tela de tejido de punto con tratamiento antibacterial, para que tu producto siempre se mantenga higi\u00e9nico.<\/b><\/p>\n<p><b>Contamos con tama\u00f1o Individual, Matrimonial, Queen Size y King Size.<\/b><\/p>\n<p><b>No lo pienses mucho y hazte de un producto de alt\u00edsima calidad a gran precio. Revisa nuestras modalidades de pago, env\u00edo y garant\u00eda.<\/b><\/p>\n","protected":false},"featured_media":1017,"comment_status":"open","ping_status":"closed","template":"","meta":{"_eb_attr":"","om_disable_all_campaigns":false,"_monsterinsights_skip_tracking":false,"_monsterinsights_sitenote_active":false,"_monsterinsights_sitenote_note":"","_monsterinsights_sitenote_category":0},"product_cat":[69],"product_tag":[72],"_links":{"self":[{"href":"https:\/\/colchonescolchoninos.com\/index.php?rest_route=\/wp\/v2\/product\/2588"}],"collection":[{"href":"https:\/\/colchonescolchoninos.com\/index.php?rest_route=\/wp\/v2\/product"}],"about":[{"href":"https:\/\/colchonescolchoninos.com\/index.php?rest_route=\/wp\/v2\/types\/product"}],"replies":[{"embeddable":true,"href":"https:\/\/colchonescolchoninos.com\/index.php?rest_route=%2Fwp%2Fv2%2Fcomments&post=2588"}],"wp:featuredmedia":[{"embeddable":true,"href":"https:\/\/colchonescolchoninos.com\/index.php?rest_route=\/wp\/v2\/media\/1017"}],"wp:attachment":[{"href":"https:\/\/colchonescolchoninos.com\/index.php?rest_route=%2Fwp%2Fv2%2Fmedia&parent=2588"}],"wp:term":[{"taxonomy":"product_cat","embeddable":true,"href":"https:\/\/colchonescolchoninos.com\/index.php?rest_route=%2Fwp%2Fv2%2Fproduct_cat&post=2588"},{"taxonomy":"product_tag","embeddable":true,"href":"https:\/\/colchonescolchoninos.com\/index.php?rest_route=%2Fwp%2Fv2%2Fproduct_tag&post=2588"}],"curies":[{"name":"wp","href":"https:\/\/api.w.org\/{rel}","templated":true}]}}